(t) = t**2 + 18*t - 7. Let a be q(-16). Let i = 113 + a. List the prime factors of i.
2, 37
Suppose 0*j - 6 = -j + 4*r, -4*j = 4*r - 4. Suppose 2*f + j*f = -g - 19, 3*f + 8 = -2*g. Let h(t) = -3*t + 10. What are the prime factors of h(f)?
2, 7
Let w = 1161 - 1106. List the prime factors of w.
5, 11
Suppose 0 = 2*p - 4*p + 12. Let b be 3/p*(-1 - -25). Suppose r - 2*r = -b. What are the prime factors of r?
2, 3
Let z be 1*-9 - (-2 + 0). Let y be (-8)/z*21/6. List the prime factors of 50 - y - (4 - 1).
43
Let u = 698 + -181. List the prime factors of u.
11, 47
Let u = -30 - -33. Suppose 5*p = -4*f + 40, -5*p + u*f + 39 = -3*p. List the prime factors of (-272)/p*(3 - 6).
2, 17
Suppose -23*d - 5016 + 61251 = 0. List the prime factors of d.
3, 5, 163
Let b(q) = 516*q - 293. What are the prime factors of b(3)?
5, 251
Let h be 154/33 + 2/6. Suppose 5*f + h*v - 40 = 0, -6*f - v + 40 = -f. List the prime factors of 132/f*(-30)/(-9).
5, 11
Let u = -488 + 2216. What are the prime factors of u?
2, 3
Let m be 3/(-4) + 24/32. Suppose m = 34*u - 30*u - 164. What are the prime factors of u?
41
Let m = 550 + -201. List the prime factors of m.
349
Let f be (-3 + 3)/(2 + 0). Suppose -5*q - 3*k = -15, -3*q - k + f + 9 = 0. What are the prime factors of (-2)/q*(-405)/18?
3, 5
Let y be ((-6)/15)/(3/(-30)). Suppose -2*x + 226 = -x - y*t, -4*t = x - 210. What are the prime factors of x?
2, 109
Let t = 9 - -8. Suppose -y - 2*a = 6, -3*y + a = -t + 7. Suppose -y*x + 101 + 33 = 0. What are the prime factors of x?
67
Let r be 3*-1 - ((-4)/(-2) + -9). Suppose 0 = h + r*h - 35. List the prime factors of h.
7
Let c = 15 + -21. Let w be -3 + (2 - (-38 - -4)). Let s = w + c. What are the prime factors of s?
3
What are the prime factors of (0 + -227)*(20 - 21)?
227
Suppose 0 = s - 6*s + 2*m + 268, 4*m + 212 = 4*s. Suppose -49*n = -s*n + 980. What are the prime factors of n?
2, 7
Let z be 3 + -2 + 1 + -92. Let w = 139 + z. Suppose -5*a = 3*t - 69, 3*a = 6*a - 2*t - w. What are the prime factors of a?
3, 5
Let q be 7/1 + (-9 - -9). Let p be 1/2*(q - 7). Suppose p = -8*l + 3*l + 235. List the prime factors of l.
47
Let a be 3/((5/3)/5). Let c(q) = 3*q**2 - 12*q + 7. Let h be c(a). Suppose -2*d = -3*s + h, -s - d + 228 = 4*s. List the prime factors of s.
2, 23
Let p(b) = b**2 + 3. Let a be 3/(-1) + 8 + -3. Suppose -6 = -0*l + a*l + 2*u, 0 = 3*l + 2*u + 6. What are the prime factors of p(l)?
3
Suppose -4821 + 1443 = -6*o. What are the prime factors of o?
563
Suppose -8 = 5*z - 23. Let a be (z/(-2))/((-9)/24). Suppose -a*b - 5 = -21. List the prime factors of b.
2
Suppose c - 20 = l, 5*l - 98 = -4*c - 0*c. Suppose 7*a - 6 = c. List the prime factors of (a/(-10))/(10/(-100)).
2
Suppose -38*b + 86614 + 33504 = 0. List the prime factors of b.
29, 109
Suppose -r - 7 = 8. Let z be (-35)/r + 4/6. Suppose -3*q - 49 = -2*j, -4*j + 140 = 3*q - z. List the prime factors of j.
2
Let s = -856 + 1432. What are the prime factors of s?
2, 3
Let b(j) = -1 + 4*j - 4*j - 33*j. Let p be ((-2)/(-3))/((-2)/3). List the prime factors of b(p).
2
Suppose 5*b = -5*z - 30, 5*b = -2*z - 27 - 12. Let x be ((-6)/b)/(2/69). Let k = -7 + x. What are the prime factors of k?
2
Let m be 21/(-6)*(4 + (-240)/56). Suppose 0 = -g + 2. Suppose -m = g*v + 4*y - 9, 29 = 4*v - 5*y. List the prime factors of v.
2, 3
What are the prime factors of 886*2*4/(-112)*-21?
3, 443
Let j be -1 - (64/(-20) + (-1)/(-5)). What are the prime factors of ((-65)/j)/(3/(-6))?
5, 13
Suppose 2*f + 105 - 133 = 0. What are the prime factors of (2 - 0)*f - -5?
3, 11
Let w = -1338 - -2762. List the prime factors of w.
2, 89
Let g = -9 + 15. Let b(k) = k**2 - 7*k + 3. Let a be b(g). What are the prime factors of -1 - ((-62)/2 - a)?
3
Let b(o) = o**3 - 13*o**2 + 13*o - 18. Let i be b(12). List the prime factors of (2704/24)/((-10)/i + -1).
13
Let u(v) = -2*v**2 + 9*v + 8. Let n be u(5). List the prime factors of 2/n*(219 + 0).
2, 73
Let p = 1062 + -585. List the prime factors of p.
3, 53
Suppose -4064 = -16*p - 0*p. List the prime factors of p.
2, 127
Let g be -2 + ((-18)/12)/(6/(-8)). Suppose g = -x + 4*l + 32, -x + l - 32 = -2*x. What are the prime factors of x?
2
Let b(p) = -p**3 + 4*p**2 + 3*p - 8. Let k = -13 - -17. Let j be b(k). Suppose -2 = -w + j. List the prime factors of w.
2, 3
Let x(w) = w**3 - 5*w**2 + 4*w + 4. Let b be x(4). Suppose 2*m = 89 + 85. List the prime factors of m/b - (-3)/12.
2, 11
Suppose -5*i - 4*m + 287 = 0, -5*i + 39*m = 37*m - 299. Let w be (-218)/6 + (-2)/(-6). Let c = w + i. What are the prime factors of c?
23
Let m(n) = n**3 - 7*n**2 - 6*n - 11. Let y be m(8). Suppose -y*l = -59 - 276. List the prime factors of l.
67
Suppose 59*j - 63*j + 132 = 0. Suppose 2*a + 5*q = 21, 5*a - 51 = -2*q + j. What are the prime factors of a?
2, 3
Let u be ((-2303)/21)/(2/(-6)). Suppose 3*v + 309 = -3*z, -3*z + 0*v + v = u. Let i = z - -156. List the prime factors of i.
2, 3
Suppose 1107 = 10*n - 4803. What are the prime factors of n?
3, 197
Suppose 46*k = 101512 - 15722. List the prime factors of k.
5, 373
Let i(z) be the third derivative of -z**6/120 + z**4/24 - z**3/6 - 9*z**2. Let h be i(2). Let g = h - -63. List the prime factors of g.
2, 7
Let h(n) = n + 1. Let m(k) = -10*k - 43. Let y(r) = 3*h(r) + m(r). List the prime factors of y(-18).
2, 43
Suppose -4 = s + 5*k, -3*k = -0*s + s. Let r(h) = -h**2 + 9*h - 1. List the prime factors of r(s).
17
Let z be (-5)/20 - (-130)/8. Suppose -20*f + z*f = 204. Let h = -26 - f. What are the prime factors of h?
5
Let p = -2794 + 6707. List the prime factors of p.
7, 13, 43
Let a(w) = 7*w**3 - 7*w**2 - 14*w - 9. Let y(l) = -11*l**3 + 10*l**2 + 21*l + 14. Let b(k) = -8*a(k) - 5*y(k). What are the prime factors of b(6)?
2, 11
Suppose -2*o + 3*h + 11 = 0, -o - 5*h - 16 = -2*o. List the prime factors of (-1)/4*218*(-1 - o).
109
Suppose -22 = -2*y + 14. Suppose 2*x - 282 = y. What are the prime factors of x?
2, 3, 5
Suppose 2*h + 10 = 0, -y = -17*h + 16*h - 409. List the prime factors of y.
2, 101
Let d = 27 + -49. List the prime factors of ((-24)/10)/(d/935).
2, 3, 17
Suppose -z - 15 = -0*z. Let f = 108 + z. What are the prime factors of f?
3, 31
Let g(m) = -m**3 - 7*m**2 + m + 5. Let k be g(-7). What are the prime factors of k + 2*(0 + 42)?
2, 41
Suppose 2*g - 5541 = -4*r + g, g = -3. What are the prime factors of r?
2, 3, 7, 11
Let o(j) = -j + 9. Let k be 1/(1*4/36). Let g be o(k). Suppose g = -2*s + 135 - 41. List the prime factors of s.
47
Let c be 45/(-5)*(0 + -1). Suppose 2*k = c*k - 119. What are the prime factors of k?
17
What are the prime factors of -4*1076/16*4/(-2)?
2, 269
Let l(b) = b**2 - 4*b - 7. Suppose -15 + 9 = -m. Let r be l(m). Suppose -68 - 45 = -r*t + 4*s, 35 = 2*t - 5*s. List the prime factors of t.
5
Suppose -7*r = -4*u - 8*r + 4744, 5*u - 4*r - 5930 = 0. What are the prime factors of u?
2, 593
Suppose 4*g + 1 = -2*n + 7, 4*n = g + 12. Suppose -j - 3*j - 16 = 0, -n*m + 3*j = -120. What are the prime factors of m?
2, 3
Let b(a) = 4*a - 17. Let t be b(-7). Let n = 5 + -3. What are the prime factors of ((-36)/t)/(n/5)?
2
Let a(j) = 20*j**2 + 19*j + 59. What are the prime factors of a(-5)?
2, 29
Let i(b) = -b**3 - 5*b**2 + 6*b + 8. Let f(y) = -5*y**3 - 2*y + 1. Let s = -1 - -2. Let d be f(s). List the prime factors of i(d).
2
Let i(y) = y + 1. Let d be i(2). Let s = 15 - d. List the prime factors of (-1)/3 - (-64)/s.
5
Let n(f) = -80*f + 68. List the prime factors of n(-6).
2, 137
Let r = -11 - -14. Suppose 0 = 2*d + r*d - 20. What are the prime factors of d?
2
Let j = 31 - 22. Let x = j - -55. What are the prime factors of x?
2
Let h = 13 - -3. Let u be h/(-3)*(-9)/6. List the prime factors of -2*(1 - 124/u).
29
Let y(k) = k**3 - 9*k**2 + k - 9. Let a be y(9). Suppose a = 3*g + 6, 5*g - 64 - 18 = -2*x. List the prime factors of x.
2, 23
Let u be (28/(-6))/((-4)/6). Suppose -5 = u*q - 2*q. What are the prime factors of 1 - q - (-21 + 2)?
3, 7
Suppose g + g - 300 = 3*x, 0 = -3*x - 6. List the prime factors of g.
3, 7
Let k(c) = -60*c - 13. List the prime factors of k(-10).
587
Suppose -i = -u + 11, 14 = 5*u + 5*i - 1. Suppose 0*g = u*g - 210. What are the prime factors of g?
2, 3, 5
Suppose -8*p + 16 = -4*p. Suppose 2*k = -p - 8. Let c = 3 - k. What are the prime factors of